{"id":191,"date":"2022-06-21T13:22:08","date_gmt":"2022-06-21T13:22:08","guid":{"rendered":"https:\/\/occi-levage.com\/?post_type=product&#038;p=191"},"modified":"2022-07-13T11:43:45","modified_gmt":"2022-07-13T11:43:45","slug":"sl-608-outdoor-high-lifter-rt","status":"publish","type":"product","link":"https:\/\/occi-levage.com\/?product=sl-608-outdoor-high-lifter-rt","title":{"rendered":"SL 608 Outdoor High Lifter RT"},"content":{"rendered":"<p>Le SL 608 Outdoor High Lifter RT est un chariot de levage puissant \u00e9quip\u00e9 d\u2019une t\u00eate de levage \u00e0 rotation<br \/>\n\u00e9lectrique. Une seule personne peut ainsi d\u00e9placer les fen\u00eatres sans difficult\u00e9 et \u00e9viter le tournage manuel.<\/p>\n","protected":false},"excerpt":{"rendered":"<ul>\n<li>Tout terrain avec traction avant<\/li>\n<li>Maniable avec roues jumel\u00e9es surl\u2019axe de guidage<\/li>\n<li>\u00a0Pneus increvablesremplis de mousse<\/li>\n<li>D\u00e9placement autonome<\/li>\n<li>Rotation \u00e9lectronique<\/li>\n<li>Frein \u00e9lectronique<\/li>\n<li>Hauteur de levage 3720 mm (centre du ch\u00e2ssis porte ventouses)<\/li>\n<li>2 circuits \u00e0 vide avec pompes s\u00e9par\u00e9es<\/li>\n<li>4 ventouses de 400 mm<\/li>\n<li>Poign\u00e9e de commandeergonomique<\/li>\n<li>Imperm\u00e9able conform\u00e9ment \u00e0 la norme IP 65<\/li>\n<\/ul>\n<div class=\"product-buttons\"><a class=\"button\" target=\"_blank\" href=\"\/wp-content\/uploads\/pdf\/smart-lift-sl-608.pdf\" rel=\"noopener\">T\u00e9l\u00e9charger la documentation<\/a><br \/>\n<a class=\"button\" href=\"\/?page_id=104\">Demander un devis<\/a><\/div>\n","protected":false},"featured_media":192,"template":"","meta":{"neve_meta_sidebar":"","neve_meta_container":"","neve_meta_enable_content_width":"off","neve_meta_content_width":100,"neve_meta_title_alignment":"","neve_meta_author_avatar":"","neve_post_elements_order":"","neve_meta_disable_header":"","neve_meta_disable_footer":"","neve_meta_disable_title":"","_themeisle_gutenberg_block_has_review":false},"product_brand":[],"product_cat":[25],"product_tag":[],"class_list":{"0":"post-191","1":"product","2":"type-product","3":"status-publish","4":"has-post-thumbnail","6":"product_cat-robots-a-ventouses","8":"first","9":"instock","10":"shipping-taxable","11":"product-type-simple"},"yoast_head":"<!-- This site is optimized with the Yoast SEO plugin v24.7 - https:\/\/yoast.com\/wordpress\/plugins\/seo\/ -->\n<title>SL 608 Outdoor High Lifter RT - Occi Levage<\/title>\n<meta name=\"robots\" content=\"index, follow, max-snippet:-1, max-image-preview:large, max-video-preview:-1\" \/>\n<link rel=\"canonical\" href=\"https:\/\/occi-levage.com\/?product=sl-608-outdoor-high-lifter-rt\" \/>\n<meta property=\"og:locale\" content=\"fr_FR\" \/>\n<meta property=\"og:type\" content=\"article\" \/>\n<meta property=\"og:title\" content=\"SL 608 Outdoor High Lifter RT - Occi Levage\" \/>\n<meta property=\"og:description\" content=\"Tout terrain avec traction avant  Maniable avec roues jumel\u00e9es surl\u2019axe de guidage  \u00a0Pneus increvablesremplis de mousse  D\u00e9placement autonome  Rotation \u00e9lectronique  Frein \u00e9lectronique  Hauteur de levage 3720 mm (centre du ch\u00e2ssis porte ventouses)  2 circuits \u00e0 vide avec pompes s\u00e9par\u00e9es  4 ventouses de 400 mm  Poign\u00e9e de commandeergonomique  Imperm\u00e9able conform\u00e9ment \u00e0 la norme IP 65  T\u00e9l\u00e9charger la documentation Demander un devis\" \/>\n<meta property=\"og:url\" content=\"https:\/\/occi-levage.com\/?product=sl-608-outdoor-high-lifter-rt\" \/>\n<meta property=\"og:site_name\" content=\"Occi Levage\" \/>\n<meta property=\"article:modified_time\" content=\"2022-07-13T11:43:45+00:00\" \/>\n<meta property=\"og:image\" content=\"https:\/\/occi-levage.com\/wp-content\/uploads\/2022\/06\/sl608.jpg\" \/>\n\t<meta property=\"og:image:width\" content=\"439\" \/>\n\t<meta property=\"og:image:height\" content=\"393\" \/>\n\t<meta property=\"og:image:type\" content=\"image\/jpeg\" \/>\n<meta name=\"twitter:card\" content=\"summary_large_image\" \/>\n<script type=\"application\/ld+json\" class=\"yoast-schema-graph\">{\"@context\":\"https:\/\/schema.org\",\"@graph\":[{\"@type\":\"WebPage\",\"@id\":\"https:\/\/occi-levage.com\/?product=sl-608-outdoor-high-lifter-rt\",\"url\":\"https:\/\/occi-levage.com\/?product=sl-608-outdoor-high-lifter-rt\",\"name\":\"SL 608 Outdoor High Lifter RT - Occi Levage\",\"isPartOf\":{\"@id\":\"https:\/\/occi-levage.com\/#website\"},\"primaryImageOfPage\":{\"@id\":\"https:\/\/occi-levage.com\/?product=sl-608-outdoor-high-lifter-rt#primaryimage\"},\"image\":{\"@id\":\"https:\/\/occi-levage.com\/?product=sl-608-outdoor-high-lifter-rt#primaryimage\"},\"thumbnailUrl\":\"https:\/\/occi-levage.com\/wp-content\/uploads\/2022\/06\/sl608.jpg\",\"datePublished\":\"2022-06-21T13:22:08+00:00\",\"dateModified\":\"2022-07-13T11:43:45+00:00\",\"breadcrumb\":{\"@id\":\"https:\/\/occi-levage.com\/?product=sl-608-outdoor-high-lifter-rt#breadcrumb\"},\"inLanguage\":\"fr-FR\",\"potentialAction\":[{\"@type\":\"ReadAction\",\"target\":[\"https:\/\/occi-levage.com\/?product=sl-608-outdoor-high-lifter-rt\"]}]},{\"@type\":\"ImageObject\",\"inLanguage\":\"fr-FR\",\"@id\":\"https:\/\/occi-levage.com\/?product=sl-608-outdoor-high-lifter-rt#primaryimage\",\"url\":\"https:\/\/occi-levage.com\/wp-content\/uploads\/2022\/06\/sl608.jpg\",\"contentUrl\":\"https:\/\/occi-levage.com\/wp-content\/uploads\/2022\/06\/sl608.jpg\",\"width\":439,\"height\":393},{\"@type\":\"BreadcrumbList\",\"@id\":\"https:\/\/occi-levage.com\/?product=sl-608-outdoor-high-lifter-rt#breadcrumb\",\"itemListElement\":[{\"@type\":\"ListItem\",\"position\":1,\"name\":\"Accueil\",\"item\":\"https:\/\/occi-levage.com\/\"},{\"@type\":\"ListItem\",\"position\":2,\"name\":\"Produits\",\"item\":\"https:\/\/occi-levage.com\/?page_id=7\"},{\"@type\":\"ListItem\",\"position\":3,\"name\":\"SL 608 Outdoor High Lifter RT\"}]},{\"@type\":\"WebSite\",\"@id\":\"https:\/\/occi-levage.com\/#website\",\"url\":\"https:\/\/occi-levage.com\/\",\"name\":\"Occi Levage\",\"description\":\"Just another WordPress site\",\"publisher\":{\"@id\":\"https:\/\/occi-levage.com\/#organization\"},\"potentialAction\":[{\"@type\":\"SearchAction\",\"target\":{\"@type\":\"EntryPoint\",\"urlTemplate\":\"https:\/\/occi-levage.com\/?s={search_term_string}\"},\"query-input\":{\"@type\":\"PropertyValueSpecification\",\"valueRequired\":true,\"valueName\":\"search_term_string\"}}],\"inLanguage\":\"fr-FR\"},{\"@type\":\"Organization\",\"@id\":\"https:\/\/occi-levage.com\/#organization\",\"name\":\"Occi Levage\",\"url\":\"https:\/\/occi-levage.com\/\",\"logo\":{\"@type\":\"ImageObject\",\"inLanguage\":\"fr-FR\",\"@id\":\"https:\/\/occi-levage.com\/#\/schema\/logo\/image\/\",\"url\":\"https:\/\/occi-levage.com\/wp-content\/uploads\/2022\/06\/cropped-Fichier-10.png\",\"contentUrl\":\"https:\/\/occi-levage.com\/wp-content\/uploads\/2022\/06\/cropped-Fichier-10.png\",\"width\":413,\"height\":318,\"caption\":\"Occi Levage\"},\"image\":{\"@id\":\"https:\/\/occi-levage.com\/#\/schema\/logo\/image\/\"}}]}<\/script>\n<!-- \/ Yoast SEO plugin. -->","yoast_head_json":{"title":"SL 608 Outdoor High Lifter RT - Occi Levage","robots":{"index":"index","follow":"follow","max-snippet":"max-snippet:-1","max-image-preview":"max-image-preview:large","max-video-preview":"max-video-preview:-1"},"canonical":"https:\/\/occi-levage.com\/?product=sl-608-outdoor-high-lifter-rt","og_locale":"fr_FR","og_type":"article","og_title":"SL 608 Outdoor High Lifter RT - Occi Levage","og_description":"Tout terrain avec traction avant  Maniable avec roues jumel\u00e9es surl\u2019axe de guidage  \u00a0Pneus increvablesremplis de mousse  D\u00e9placement autonome  Rotation \u00e9lectronique  Frein \u00e9lectronique  Hauteur de levage 3720 mm (centre du ch\u00e2ssis porte ventouses)  2 circuits \u00e0 vide avec pompes s\u00e9par\u00e9es  4 ventouses de 400 mm  Poign\u00e9e de commandeergonomique  Imperm\u00e9able conform\u00e9ment \u00e0 la norme IP 65  T\u00e9l\u00e9charger la documentation Demander un devis","og_url":"https:\/\/occi-levage.com\/?product=sl-608-outdoor-high-lifter-rt","og_site_name":"Occi Levage","article_modified_time":"2022-07-13T11:43:45+00:00","og_image":[{"width":439,"height":393,"url":"https:\/\/occi-levage.com\/wp-content\/uploads\/2022\/06\/sl608.jpg","type":"image\/jpeg"}],"twitter_card":"summary_large_image","schema":{"@context":"https:\/\/schema.org","@graph":[{"@type":"WebPage","@id":"https:\/\/occi-levage.com\/?product=sl-608-outdoor-high-lifter-rt","url":"https:\/\/occi-levage.com\/?product=sl-608-outdoor-high-lifter-rt","name":"SL 608 Outdoor High Lifter RT - Occi Levage","isPartOf":{"@id":"https:\/\/occi-levage.com\/#website"},"primaryImageOfPage":{"@id":"https:\/\/occi-levage.com\/?product=sl-608-outdoor-high-lifter-rt#primaryimage"},"image":{"@id":"https:\/\/occi-levage.com\/?product=sl-608-outdoor-high-lifter-rt#primaryimage"},"thumbnailUrl":"https:\/\/occi-levage.com\/wp-content\/uploads\/2022\/06\/sl608.jpg","datePublished":"2022-06-21T13:22:08+00:00","dateModified":"2022-07-13T11:43:45+00:00","breadcrumb":{"@id":"https:\/\/occi-levage.com\/?product=sl-608-outdoor-high-lifter-rt#breadcrumb"},"inLanguage":"fr-FR","potentialAction":[{"@type":"ReadAction","target":["https:\/\/occi-levage.com\/?product=sl-608-outdoor-high-lifter-rt"]}]},{"@type":"ImageObject","inLanguage":"fr-FR","@id":"https:\/\/occi-levage.com\/?product=sl-608-outdoor-high-lifter-rt#primaryimage","url":"https:\/\/occi-levage.com\/wp-content\/uploads\/2022\/06\/sl608.jpg","contentUrl":"https:\/\/occi-levage.com\/wp-content\/uploads\/2022\/06\/sl608.jpg","width":439,"height":393},{"@type":"BreadcrumbList","@id":"https:\/\/occi-levage.com\/?product=sl-608-outdoor-high-lifter-rt#breadcrumb","itemListElement":[{"@type":"ListItem","position":1,"name":"Accueil","item":"https:\/\/occi-levage.com\/"},{"@type":"ListItem","position":2,"name":"Produits","item":"https:\/\/occi-levage.com\/?page_id=7"},{"@type":"ListItem","position":3,"name":"SL 608 Outdoor High Lifter RT"}]},{"@type":"WebSite","@id":"https:\/\/occi-levage.com\/#website","url":"https:\/\/occi-levage.com\/","name":"Occi Levage","description":"Just another WordPress site","publisher":{"@id":"https:\/\/occi-levage.com\/#organization"},"potentialAction":[{"@type":"SearchAction","target":{"@type":"EntryPoint","urlTemplate":"https:\/\/occi-levage.com\/?s={search_term_string}"},"query-input":{"@type":"PropertyValueSpecification","valueRequired":true,"valueName":"search_term_string"}}],"inLanguage":"fr-FR"},{"@type":"Organization","@id":"https:\/\/occi-levage.com\/#organization","name":"Occi Levage","url":"https:\/\/occi-levage.com\/","logo":{"@type":"ImageObject","inLanguage":"fr-FR","@id":"https:\/\/occi-levage.com\/#\/schema\/logo\/image\/","url":"https:\/\/occi-levage.com\/wp-content\/uploads\/2022\/06\/cropped-Fichier-10.png","contentUrl":"https:\/\/occi-levage.com\/wp-content\/uploads\/2022\/06\/cropped-Fichier-10.png","width":413,"height":318,"caption":"Occi Levage"},"image":{"@id":"https:\/\/occi-levage.com\/#\/schema\/logo\/image\/"}}]}},"_links":{"self":[{"href":"https:\/\/occi-levage.com\/index.php?rest_route=\/wp\/v2\/product\/191","targetHints":{"allow":["GET"]}}],"collection":[{"href":"https:\/\/occi-levage.com\/index.php?rest_route=\/wp\/v2\/product"}],"about":[{"href":"https:\/\/occi-levage.com\/index.php?rest_route=\/wp\/v2\/types\/product"}],"wp:featuredmedia":[{"embeddable":true,"href":"https:\/\/occi-levage.com\/index.php?rest_route=\/wp\/v2\/media\/192"}],"wp:attachment":[{"href":"https:\/\/occi-levage.com\/index.php?rest_route=%2Fwp%2Fv2%2Fmedia&parent=191"}],"wp:term":[{"taxonomy":"product_brand","embeddable":true,"href":"https:\/\/occi-levage.com\/index.php?rest_route=%2Fwp%2Fv2%2Fproduct_brand&post=191"},{"taxonomy":"product_cat","embeddable":true,"href":"https:\/\/occi-levage.com\/index.php?rest_route=%2Fwp%2Fv2%2Fproduct_cat&post=191"},{"taxonomy":"product_tag","embeddable":true,"href":"https:\/\/occi-levage.com\/index.php?rest_route=%2Fwp%2Fv2%2Fproduct_tag&post=191"}],"curies":[{"name":"wp","href":"https:\/\/api.w.org\/{rel}","templated":true}]}}