{"id":190,"date":"2022-06-21T13:19:17","date_gmt":"2022-06-21T13:19:17","guid":{"rendered":"https:\/\/occi-levage.com\/?post_type=product&#038;p=190"},"modified":"2022-07-13T11:44:26","modified_gmt":"2022-07-13T11:44:26","slug":"palonnier-robotise-gle-1500","status":"publish","type":"product","link":"https:\/\/occi-levage.com\/?product=palonnier-robotise-gle-1500","title":{"rendered":"PALONNIER ROBOTISE GLE 1500"},"content":{"rendered":"<p>Le GLE 1500 est un palonnier \u00e0 rotation motoris\u00e9e sur 360\u00b0 et basculant \u00e9lectriquement sur 90\u00b0 pas \u00e0 pas. Ce palonnier est<br \/>\nautonome, la pompe \u00e0 vide fonctionnant sur batterie 12 volts avec son chargeur int\u00e9gr\u00e9 dans l\u2019ossature ou en alimentation<br \/>\ndirecte 220 volts mono. Grande autonomie d\u2019utilisation car la pompe s\u2019arr\u00eate d\u00e8s que le vide suffisant est atteint.<\/p>\n","protected":false},"excerpt":{"rendered":"<ul>\n<li>Autoaliment\u00e9 par batteriesincorpor\u00e9es<\/li>\n<li>Nr.12 ventouses \u00d8 390 mm<\/li>\n<li>Capacit\u00e9e de charge max 1500 kg<\/li>\n<li>Rotation continue \u00e9lectrique 360\u00b0<\/li>\n<li>Basculement \u00e9lectrique 0-90\u00b0<\/li>\n<li>Dispositifs de s\u00e9curit\u00e9<\/li>\n<li>Structure modulaire<\/li>\n<li>Structure compacte<\/li>\n<li>Radiocommande<\/li>\n<li>Double circuit de vide selonnorme EN13155<\/li>\n<\/ul>\n<div class=\"product-buttons\"><a class=\"button\" target=\"_blank\" href=\"\/wp-content\/uploads\/pdf\/palonier-robotise.pdf\" rel=\"noopener\">T\u00e9l\u00e9charger la documentation<\/a><br \/>\n<a class=\"button\" href=\"\/?page_id=104\">Demander un devis<\/a><\/div>\n","protected":false},"featured_media":208,"template":"","meta":{"neve_meta_sidebar":"","neve_meta_container":"","neve_meta_enable_content_width":"off","neve_meta_content_width":100,"neve_meta_title_alignment":"","neve_meta_author_avatar":"","neve_post_elements_order":"","neve_meta_disable_header":"","neve_meta_disable_footer":"","neve_meta_disable_title":"","_themeisle_gutenberg_block_has_review":false},"product_brand":[],"product_cat":[21],"product_tag":[],"class_list":{"0":"post-190","1":"product","2":"type-product","3":"status-publish","4":"has-post-thumbnail","6":"product_cat-palonniers","8":"first","9":"instock","10":"shipping-taxable","11":"product-type-simple"},"yoast_head":"<!-- This site is optimized with the Yoast SEO plugin v24.7 - https:\/\/yoast.com\/wordpress\/plugins\/seo\/ -->\n<title>PALONNIER ROBOTISE GLE 1500 - Occi Levage<\/title>\n<meta name=\"robots\" content=\"index, follow, max-snippet:-1, max-image-preview:large, max-video-preview:-1\" \/>\n<link rel=\"canonical\" href=\"https:\/\/occi-levage.com\/?product=palonnier-robotise-gle-1500\" \/>\n<meta property=\"og:locale\" content=\"fr_FR\" \/>\n<meta property=\"og:type\" content=\"article\" \/>\n<meta property=\"og:title\" content=\"PALONNIER ROBOTISE GLE 1500 - Occi Levage\" \/>\n<meta property=\"og:description\" content=\"Autoaliment\u00e9 par batteriesincorpor\u00e9es  Nr.12 ventouses \u00d8 390 mm  Capacit\u00e9e de charge max 1500 kg  Rotation continue \u00e9lectrique 360\u00b0  Basculement \u00e9lectrique 0-90\u00b0  Dispositifs de s\u00e9curit\u00e9  Structure modulaire  Structure compacte  Radiocommande  Double circuit de vide selonnorme EN13155   T\u00e9l\u00e9charger la documentation Demander un devis\" \/>\n<meta property=\"og:url\" content=\"https:\/\/occi-levage.com\/?product=palonnier-robotise-gle-1500\" \/>\n<meta property=\"og:site_name\" content=\"Occi Levage\" \/>\n<meta property=\"article:modified_time\" content=\"2022-07-13T11:44:26+00:00\" \/>\n<meta property=\"og:image\" content=\"https:\/\/occi-levage.com\/wp-content\/uploads\/2022\/06\/gle-1500.jpg\" \/>\n\t<meta property=\"og:image:width\" content=\"650\" \/>\n\t<meta property=\"og:image:height\" content=\"450\" \/>\n\t<meta property=\"og:image:type\" content=\"image\/jpeg\" \/>\n<meta name=\"twitter:card\" content=\"summary_large_image\" \/>\n<script type=\"application\/ld+json\" class=\"yoast-schema-graph\">{\"@context\":\"https:\/\/schema.org\",\"@graph\":[{\"@type\":\"WebPage\",\"@id\":\"https:\/\/occi-levage.com\/?product=palonnier-robotise-gle-1500\",\"url\":\"https:\/\/occi-levage.com\/?product=palonnier-robotise-gle-1500\",\"name\":\"PALONNIER ROBOTISE GLE 1500 - Occi Levage\",\"isPartOf\":{\"@id\":\"https:\/\/occi-levage.com\/#website\"},\"primaryImageOfPage\":{\"@id\":\"https:\/\/occi-levage.com\/?product=palonnier-robotise-gle-1500#primaryimage\"},\"image\":{\"@id\":\"https:\/\/occi-levage.com\/?product=palonnier-robotise-gle-1500#primaryimage\"},\"thumbnailUrl\":\"https:\/\/occi-levage.com\/wp-content\/uploads\/2022\/06\/gle-1500.jpg\",\"datePublished\":\"2022-06-21T13:19:17+00:00\",\"dateModified\":\"2022-07-13T11:44:26+00:00\",\"breadcrumb\":{\"@id\":\"https:\/\/occi-levage.com\/?product=palonnier-robotise-gle-1500#breadcrumb\"},\"inLanguage\":\"fr-FR\",\"potentialAction\":[{\"@type\":\"ReadAction\",\"target\":[\"https:\/\/occi-levage.com\/?product=palonnier-robotise-gle-1500\"]}]},{\"@type\":\"ImageObject\",\"inLanguage\":\"fr-FR\",\"@id\":\"https:\/\/occi-levage.com\/?product=palonnier-robotise-gle-1500#primaryimage\",\"url\":\"https:\/\/occi-levage.com\/wp-content\/uploads\/2022\/06\/gle-1500.jpg\",\"contentUrl\":\"https:\/\/occi-levage.com\/wp-content\/uploads\/2022\/06\/gle-1500.jpg\",\"width\":650,\"height\":450},{\"@type\":\"BreadcrumbList\",\"@id\":\"https:\/\/occi-levage.com\/?product=palonnier-robotise-gle-1500#breadcrumb\",\"itemListElement\":[{\"@type\":\"ListItem\",\"position\":1,\"name\":\"Accueil\",\"item\":\"https:\/\/occi-levage.com\/\"},{\"@type\":\"ListItem\",\"position\":2,\"name\":\"Produits\",\"item\":\"https:\/\/occi-levage.com\/?page_id=7\"},{\"@type\":\"ListItem\",\"position\":3,\"name\":\"PALONNIER ROBOTISE GLE 1500\"}]},{\"@type\":\"WebSite\",\"@id\":\"https:\/\/occi-levage.com\/#website\",\"url\":\"https:\/\/occi-levage.com\/\",\"name\":\"Occi Levage\",\"description\":\"Just another WordPress site\",\"publisher\":{\"@id\":\"https:\/\/occi-levage.com\/#organization\"},\"potentialAction\":[{\"@type\":\"SearchAction\",\"target\":{\"@type\":\"EntryPoint\",\"urlTemplate\":\"https:\/\/occi-levage.com\/?s={search_term_string}\"},\"query-input\":{\"@type\":\"PropertyValueSpecification\",\"valueRequired\":true,\"valueName\":\"search_term_string\"}}],\"inLanguage\":\"fr-FR\"},{\"@type\":\"Organization\",\"@id\":\"https:\/\/occi-levage.com\/#organization\",\"name\":\"Occi Levage\",\"url\":\"https:\/\/occi-levage.com\/\",\"logo\":{\"@type\":\"ImageObject\",\"inLanguage\":\"fr-FR\",\"@id\":\"https:\/\/occi-levage.com\/#\/schema\/logo\/image\/\",\"url\":\"https:\/\/occi-levage.com\/wp-content\/uploads\/2022\/06\/cropped-Fichier-10.png\",\"contentUrl\":\"https:\/\/occi-levage.com\/wp-content\/uploads\/2022\/06\/cropped-Fichier-10.png\",\"width\":413,\"height\":318,\"caption\":\"Occi Levage\"},\"image\":{\"@id\":\"https:\/\/occi-levage.com\/#\/schema\/logo\/image\/\"}}]}<\/script>\n<!-- \/ Yoast SEO plugin. -->","yoast_head_json":{"title":"PALONNIER ROBOTISE GLE 1500 - Occi Levage","robots":{"index":"index","follow":"follow","max-snippet":"max-snippet:-1","max-image-preview":"max-image-preview:large","max-video-preview":"max-video-preview:-1"},"canonical":"https:\/\/occi-levage.com\/?product=palonnier-robotise-gle-1500","og_locale":"fr_FR","og_type":"article","og_title":"PALONNIER ROBOTISE GLE 1500 - Occi Levage","og_description":"Autoaliment\u00e9 par batteriesincorpor\u00e9es  Nr.12 ventouses \u00d8 390 mm  Capacit\u00e9e de charge max 1500 kg  Rotation continue \u00e9lectrique 360\u00b0  Basculement \u00e9lectrique 0-90\u00b0  Dispositifs de s\u00e9curit\u00e9  Structure modulaire  Structure compacte  Radiocommande  Double circuit de vide selonnorme EN13155   T\u00e9l\u00e9charger la documentation Demander un devis","og_url":"https:\/\/occi-levage.com\/?product=palonnier-robotise-gle-1500","og_site_name":"Occi Levage","article_modified_time":"2022-07-13T11:44:26+00:00","og_image":[{"width":650,"height":450,"url":"https:\/\/occi-levage.com\/wp-content\/uploads\/2022\/06\/gle-1500.jpg","type":"image\/jpeg"}],"twitter_card":"summary_large_image","schema":{"@context":"https:\/\/schema.org","@graph":[{"@type":"WebPage","@id":"https:\/\/occi-levage.com\/?product=palonnier-robotise-gle-1500","url":"https:\/\/occi-levage.com\/?product=palonnier-robotise-gle-1500","name":"PALONNIER ROBOTISE GLE 1500 - Occi Levage","isPartOf":{"@id":"https:\/\/occi-levage.com\/#website"},"primaryImageOfPage":{"@id":"https:\/\/occi-levage.com\/?product=palonnier-robotise-gle-1500#primaryimage"},"image":{"@id":"https:\/\/occi-levage.com\/?product=palonnier-robotise-gle-1500#primaryimage"},"thumbnailUrl":"https:\/\/occi-levage.com\/wp-content\/uploads\/2022\/06\/gle-1500.jpg","datePublished":"2022-06-21T13:19:17+00:00","dateModified":"2022-07-13T11:44:26+00:00","breadcrumb":{"@id":"https:\/\/occi-levage.com\/?product=palonnier-robotise-gle-1500#breadcrumb"},"inLanguage":"fr-FR","potentialAction":[{"@type":"ReadAction","target":["https:\/\/occi-levage.com\/?product=palonnier-robotise-gle-1500"]}]},{"@type":"ImageObject","inLanguage":"fr-FR","@id":"https:\/\/occi-levage.com\/?product=palonnier-robotise-gle-1500#primaryimage","url":"https:\/\/occi-levage.com\/wp-content\/uploads\/2022\/06\/gle-1500.jpg","contentUrl":"https:\/\/occi-levage.com\/wp-content\/uploads\/2022\/06\/gle-1500.jpg","width":650,"height":450},{"@type":"BreadcrumbList","@id":"https:\/\/occi-levage.com\/?product=palonnier-robotise-gle-1500#breadcrumb","itemListElement":[{"@type":"ListItem","position":1,"name":"Accueil","item":"https:\/\/occi-levage.com\/"},{"@type":"ListItem","position":2,"name":"Produits","item":"https:\/\/occi-levage.com\/?page_id=7"},{"@type":"ListItem","position":3,"name":"PALONNIER ROBOTISE GLE 1500"}]},{"@type":"WebSite","@id":"https:\/\/occi-levage.com\/#website","url":"https:\/\/occi-levage.com\/","name":"Occi Levage","description":"Just another WordPress site","publisher":{"@id":"https:\/\/occi-levage.com\/#organization"},"potentialAction":[{"@type":"SearchAction","target":{"@type":"EntryPoint","urlTemplate":"https:\/\/occi-levage.com\/?s={search_term_string}"},"query-input":{"@type":"PropertyValueSpecification","valueRequired":true,"valueName":"search_term_string"}}],"inLanguage":"fr-FR"},{"@type":"Organization","@id":"https:\/\/occi-levage.com\/#organization","name":"Occi Levage","url":"https:\/\/occi-levage.com\/","logo":{"@type":"ImageObject","inLanguage":"fr-FR","@id":"https:\/\/occi-levage.com\/#\/schema\/logo\/image\/","url":"https:\/\/occi-levage.com\/wp-content\/uploads\/2022\/06\/cropped-Fichier-10.png","contentUrl":"https:\/\/occi-levage.com\/wp-content\/uploads\/2022\/06\/cropped-Fichier-10.png","width":413,"height":318,"caption":"Occi Levage"},"image":{"@id":"https:\/\/occi-levage.com\/#\/schema\/logo\/image\/"}}]}},"_links":{"self":[{"href":"https:\/\/occi-levage.com\/index.php?rest_route=\/wp\/v2\/product\/190","targetHints":{"allow":["GET"]}}],"collection":[{"href":"https:\/\/occi-levage.com\/index.php?rest_route=\/wp\/v2\/product"}],"about":[{"href":"https:\/\/occi-levage.com\/index.php?rest_route=\/wp\/v2\/types\/product"}],"wp:featuredmedia":[{"embeddable":true,"href":"https:\/\/occi-levage.com\/index.php?rest_route=\/wp\/v2\/media\/208"}],"wp:attachment":[{"href":"https:\/\/occi-levage.com\/index.php?rest_route=%2Fwp%2Fv2%2Fmedia&parent=190"}],"wp:term":[{"taxonomy":"product_brand","embeddable":true,"href":"https:\/\/occi-levage.com\/index.php?rest_route=%2Fwp%2Fv2%2Fproduct_brand&post=190"},{"taxonomy":"product_cat","embeddable":true,"href":"https:\/\/occi-levage.com\/index.php?rest_route=%2Fwp%2Fv2%2Fproduct_cat&post=190"},{"taxonomy":"product_tag","embeddable":true,"href":"https:\/\/occi-levage.com\/index.php?rest_route=%2Fwp%2Fv2%2Fproduct_tag&post=190"}],"curies":[{"name":"wp","href":"https:\/\/api.w.org\/{rel}","templated":true}]}}